{"id":420,"date":"2025-12-01T08:48:54","date_gmt":"2025-12-01T07:48:54","guid":{"rendered":"https:\/\/www.tiendafundacionbretal.com\/producto\/en-1939-nos-vimos-en-oia\/"},"modified":"2025-10-24T13:22:49","modified_gmt":"2025-10-24T11:22:49","slug":"en-1939-nos-vimos-en-oia","status":"publish","type":"product","link":"https:\/\/www.tiendafundacionbretal.com\/gl\/producto\/en-1939-nos-vimos-en-oia\/","title":{"rendered":"En 1939 nos vimos en Oia"},"content":{"rendered":"<p>Entre 1937 e 1939 o Mosteiro de Oia foi utilizado como campo de concentraci\u00f3n para prisioneiros republicanos, na s\u00faa maior\u00eda procedentes do levante espa\u00f1ol e, principalmente, catal\u00e1ns. Este cap\u00edtulo escuro da Guerra Civil espa\u00f1ola deixou unha profunda pegada nos muros do mosteiro, onde os propios presos plasmaron textos e debuxos que a\u00ednda hoxe poden lerse.<\/p>\n<p>O novo traballo de F. Javier Costas Goberna documenta as circunstancias daqueles presos: o seu alistamiento, detenci\u00f3n, traslado e as duras condici\u00f3ns que viviron, a trav\u00e9s de testemu\u00f1os directos dalg\u00fans dos sobreviventes, familiares e veci\u00f1os de Oia.<\/p>\n","protected":false},"excerpt":{"rendered":"<p>Entre 1937 e 1939 o Mosteiro de Oia foi utilizado como campo de concentraci\u00f3n para prisioneiros republicanos, na s\u00faa maior\u00eda procedentes do levante espa\u00f1ol e, principalmente, catal\u00e1ns. Este cap\u00edtulo escuro da Guerra Civil espa\u00f1ola deixou unha profunda pegada nos muros do mosteiro, onde os propios presos plasmaron textos e debuxos que a\u00ednda hoxe poden lerse. [&hellip;]<\/p>\n","protected":false},"featured_media":547,"comment_status":"open","ping_status":"closed","template":"","meta":{"_acf_changed":false},"product_brand":[],"product_cat":[30],"product_tag":[],"class_list":{"0":"post-420","1":"product","2":"type-product","3":"status-publish","4":"has-post-thumbnail","6":"product_cat-sin-categoria","8":"first","9":"instock","10":"shipping-taxable","11":"purchasable","12":"product-type-simple"},"acf":[],"yoast_head":"<!-- This site is optimized with the Yoast SEO plugin v26.7 - https:\/\/yoast.com\/wordpress\/plugins\/seo\/ -->\n<title>En 1939 nos vimos en Oia - Tienda Fundacion Bretal<\/title>\n<meta name=\"robots\" content=\"index, follow, max-snippet:-1, max-image-preview:large, max-video-preview:-1\" \/>\n<link rel=\"canonical\" href=\"https:\/\/www.tiendafundacionbretal.com\/gl\/producto\/en-1939-nos-vimos-en-oia\/\" \/>\n<meta property=\"og:locale\" content=\"gl_ES\" \/>\n<meta property=\"og:type\" content=\"article\" \/>\n<meta property=\"og:title\" content=\"En 1939 nos vimos en Oia - Tienda Fundacion Bretal\" \/>\n<meta property=\"og:description\" content=\"Entre 1937 e 1939 o Mosteiro de Oia foi utilizado como campo de concentraci\u00f3n para prisioneiros republicanos, na s\u00faa maior\u00eda procedentes do levante espa\u00f1ol e, principalmente, catal\u00e1ns. Este cap\u00edtulo escuro da Guerra Civil espa\u00f1ola deixou unha profunda pegada nos muros do mosteiro, onde os propios presos plasmaron textos e debuxos que a\u00ednda hoxe poden lerse. [&hellip;]\" \/>\n<meta property=\"og:url\" content=\"https:\/\/www.tiendafundacionbretal.com\/gl\/producto\/en-1939-nos-vimos-en-oia\/\" \/>\n<meta property=\"og:site_name\" content=\"Tienda Fundacion Bretal\" \/>\n<meta property=\"og:image\" content=\"https:\/\/www.tiendafundacionbretal.com\/wp-content\/uploads\/2025\/09\/Portada-5.jpg\" \/>\n\t<meta property=\"og:image:width\" content=\"700\" \/>\n\t<meta property=\"og:image:height\" content=\"1050\" \/>\n\t<meta property=\"og:image:type\" content=\"image\/jpeg\" \/>\n<meta name=\"twitter:card\" content=\"summary_large_image\" \/>\n<meta name=\"twitter:label1\" content=\"Tempo de lectura\" \/>\n\t<meta name=\"twitter:data1\" content=\"1 minuto\" \/>\n<script type=\"application\/ld+json\" class=\"yoast-schema-graph\">{\"@context\":\"https:\/\/schema.org\",\"@graph\":[{\"@type\":\"WebPage\",\"@id\":\"https:\/\/www.tiendafundacionbretal.com\/gl\/producto\/en-1939-nos-vimos-en-oia\/\",\"url\":\"https:\/\/www.tiendafundacionbretal.com\/gl\/producto\/en-1939-nos-vimos-en-oia\/\",\"name\":\"En 1939 nos vimos en Oia - Tienda Fundacion Bretal\",\"isPartOf\":{\"@id\":\"https:\/\/www.tiendafundacionbretal.com\/#website\"},\"primaryImageOfPage\":{\"@id\":\"https:\/\/www.tiendafundacionbretal.com\/gl\/producto\/en-1939-nos-vimos-en-oia\/#primaryimage\"},\"image\":{\"@id\":\"https:\/\/www.tiendafundacionbretal.com\/gl\/producto\/en-1939-nos-vimos-en-oia\/#primaryimage\"},\"thumbnailUrl\":\"https:\/\/www.tiendafundacionbretal.com\/wp-content\/uploads\/2025\/09\/Portada-5.jpg\",\"datePublished\":\"2025-12-01T07:48:54+00:00\",\"breadcrumb\":{\"@id\":\"https:\/\/www.tiendafundacionbretal.com\/gl\/producto\/en-1939-nos-vimos-en-oia\/#breadcrumb\"},\"inLanguage\":\"gl-ES\",\"potentialAction\":[{\"@type\":\"ReadAction\",\"target\":[\"https:\/\/www.tiendafundacionbretal.com\/gl\/producto\/en-1939-nos-vimos-en-oia\/\"]}]},{\"@type\":\"ImageObject\",\"inLanguage\":\"gl-ES\",\"@id\":\"https:\/\/www.tiendafundacionbretal.com\/gl\/producto\/en-1939-nos-vimos-en-oia\/#primaryimage\",\"url\":\"https:\/\/www.tiendafundacionbretal.com\/wp-content\/uploads\/2025\/09\/Portada-5.jpg\",\"contentUrl\":\"https:\/\/www.tiendafundacionbretal.com\/wp-content\/uploads\/2025\/09\/Portada-5.jpg\",\"width\":700,\"height\":1050},{\"@type\":\"BreadcrumbList\",\"@id\":\"https:\/\/www.tiendafundacionbretal.com\/gl\/producto\/en-1939-nos-vimos-en-oia\/#breadcrumb\",\"itemListElement\":[{\"@type\":\"ListItem\",\"position\":1,\"name\":\"Portada\",\"item\":\"https:\/\/www.tiendafundacionbretal.com\/gl\/inicio\/\"},{\"@type\":\"ListItem\",\"position\":2,\"name\":\"Tenda\",\"item\":\"https:\/\/www.tiendafundacionbretal.com\/gl\/tenda\/\"},{\"@type\":\"ListItem\",\"position\":3,\"name\":\"En 1939 nos vimos en Oia\"}]},{\"@type\":\"WebSite\",\"@id\":\"https:\/\/www.tiendafundacionbretal.com\/#website\",\"url\":\"https:\/\/www.tiendafundacionbretal.com\/\",\"name\":\"Tienda Fundacion Bretal\",\"description\":\"\",\"publisher\":{\"@id\":\"https:\/\/www.tiendafundacionbretal.com\/#organization\"},\"potentialAction\":[{\"@type\":\"SearchAction\",\"target\":{\"@type\":\"EntryPoint\",\"urlTemplate\":\"https:\/\/www.tiendafundacionbretal.com\/?s={search_term_string}\"},\"query-input\":{\"@type\":\"PropertyValueSpecification\",\"valueRequired\":true,\"valueName\":\"search_term_string\"}}],\"inLanguage\":\"gl-ES\"},{\"@type\":\"Organization\",\"@id\":\"https:\/\/www.tiendafundacionbretal.com\/#organization\",\"name\":\"Tienda Fundacion Bretal\",\"url\":\"https:\/\/www.tiendafundacionbretal.com\/\",\"logo\":{\"@type\":\"ImageObject\",\"inLanguage\":\"gl-ES\",\"@id\":\"https:\/\/www.tiendafundacionbretal.com\/#\/schema\/logo\/image\/\",\"url\":\"https:\/\/www.tiendafundacionbretal.com\/wp-content\/uploads\/2025\/08\/Logo_Serra-da-Groba.svg\",\"contentUrl\":\"https:\/\/www.tiendafundacionbretal.com\/wp-content\/uploads\/2025\/08\/Logo_Serra-da-Groba.svg\",\"caption\":\"Tienda Fundacion Bretal\"},\"image\":{\"@id\":\"https:\/\/www.tiendafundacionbretal.com\/#\/schema\/logo\/image\/\"}}]}<\/script>\n<!-- \/ Yoast SEO plugin. -->","yoast_head_json":{"title":"En 1939 nos vimos en Oia - Tienda Fundacion Bretal","robots":{"index":"index","follow":"follow","max-snippet":"max-snippet:-1","max-image-preview":"max-image-preview:large","max-video-preview":"max-video-preview:-1"},"canonical":"https:\/\/www.tiendafundacionbretal.com\/gl\/producto\/en-1939-nos-vimos-en-oia\/","og_locale":"gl_ES","og_type":"article","og_title":"En 1939 nos vimos en Oia - Tienda Fundacion Bretal","og_description":"Entre 1937 e 1939 o Mosteiro de Oia foi utilizado como campo de concentraci\u00f3n para prisioneiros republicanos, na s\u00faa maior\u00eda procedentes do levante espa\u00f1ol e, principalmente, catal\u00e1ns. Este cap\u00edtulo escuro da Guerra Civil espa\u00f1ola deixou unha profunda pegada nos muros do mosteiro, onde os propios presos plasmaron textos e debuxos que a\u00ednda hoxe poden lerse. [&hellip;]","og_url":"https:\/\/www.tiendafundacionbretal.com\/gl\/producto\/en-1939-nos-vimos-en-oia\/","og_site_name":"Tienda Fundacion Bretal","og_image":[{"width":700,"height":1050,"url":"https:\/\/www.tiendafundacionbretal.com\/wp-content\/uploads\/2025\/09\/Portada-5.jpg","type":"image\/jpeg"}],"twitter_card":"summary_large_image","twitter_misc":{"Tempo de lectura":"1 minuto"},"schema":{"@context":"https:\/\/schema.org","@graph":[{"@type":"WebPage","@id":"https:\/\/www.tiendafundacionbretal.com\/gl\/producto\/en-1939-nos-vimos-en-oia\/","url":"https:\/\/www.tiendafundacionbretal.com\/gl\/producto\/en-1939-nos-vimos-en-oia\/","name":"En 1939 nos vimos en Oia - Tienda Fundacion Bretal","isPartOf":{"@id":"https:\/\/www.tiendafundacionbretal.com\/#website"},"primaryImageOfPage":{"@id":"https:\/\/www.tiendafundacionbretal.com\/gl\/producto\/en-1939-nos-vimos-en-oia\/#primaryimage"},"image":{"@id":"https:\/\/www.tiendafundacionbretal.com\/gl\/producto\/en-1939-nos-vimos-en-oia\/#primaryimage"},"thumbnailUrl":"https:\/\/www.tiendafundacionbretal.com\/wp-content\/uploads\/2025\/09\/Portada-5.jpg","datePublished":"2025-12-01T07:48:54+00:00","breadcrumb":{"@id":"https:\/\/www.tiendafundacionbretal.com\/gl\/producto\/en-1939-nos-vimos-en-oia\/#breadcrumb"},"inLanguage":"gl-ES","potentialAction":[{"@type":"ReadAction","target":["https:\/\/www.tiendafundacionbretal.com\/gl\/producto\/en-1939-nos-vimos-en-oia\/"]}]},{"@type":"ImageObject","inLanguage":"gl-ES","@id":"https:\/\/www.tiendafundacionbretal.com\/gl\/producto\/en-1939-nos-vimos-en-oia\/#primaryimage","url":"https:\/\/www.tiendafundacionbretal.com\/wp-content\/uploads\/2025\/09\/Portada-5.jpg","contentUrl":"https:\/\/www.tiendafundacionbretal.com\/wp-content\/uploads\/2025\/09\/Portada-5.jpg","width":700,"height":1050},{"@type":"BreadcrumbList","@id":"https:\/\/www.tiendafundacionbretal.com\/gl\/producto\/en-1939-nos-vimos-en-oia\/#breadcrumb","itemListElement":[{"@type":"ListItem","position":1,"name":"Portada","item":"https:\/\/www.tiendafundacionbretal.com\/gl\/inicio\/"},{"@type":"ListItem","position":2,"name":"Tenda","item":"https:\/\/www.tiendafundacionbretal.com\/gl\/tenda\/"},{"@type":"ListItem","position":3,"name":"En 1939 nos vimos en Oia"}]},{"@type":"WebSite","@id":"https:\/\/www.tiendafundacionbretal.com\/#website","url":"https:\/\/www.tiendafundacionbretal.com\/","name":"Tienda Fundacion Bretal","description":"","publisher":{"@id":"https:\/\/www.tiendafundacionbretal.com\/#organization"},"potentialAction":[{"@type":"SearchAction","target":{"@type":"EntryPoint","urlTemplate":"https:\/\/www.tiendafundacionbretal.com\/?s={search_term_string}"},"query-input":{"@type":"PropertyValueSpecification","valueRequired":true,"valueName":"search_term_string"}}],"inLanguage":"gl-ES"},{"@type":"Organization","@id":"https:\/\/www.tiendafundacionbretal.com\/#organization","name":"Tienda Fundacion Bretal","url":"https:\/\/www.tiendafundacionbretal.com\/","logo":{"@type":"ImageObject","inLanguage":"gl-ES","@id":"https:\/\/www.tiendafundacionbretal.com\/#\/schema\/logo\/image\/","url":"https:\/\/www.tiendafundacionbretal.com\/wp-content\/uploads\/2025\/08\/Logo_Serra-da-Groba.svg","contentUrl":"https:\/\/www.tiendafundacionbretal.com\/wp-content\/uploads\/2025\/08\/Logo_Serra-da-Groba.svg","caption":"Tienda Fundacion Bretal"},"image":{"@id":"https:\/\/www.tiendafundacionbretal.com\/#\/schema\/logo\/image\/"}}]}},"_links":{"self":[{"href":"https:\/\/www.tiendafundacionbretal.com\/gl\/wp-json\/wp\/v2\/product\/420","targetHints":{"allow":["GET"]}}],"collection":[{"href":"https:\/\/www.tiendafundacionbretal.com\/gl\/wp-json\/wp\/v2\/product"}],"about":[{"href":"https:\/\/www.tiendafundacionbretal.com\/gl\/wp-json\/wp\/v2\/types\/product"}],"replies":[{"embeddable":true,"href":"https:\/\/www.tiendafundacionbretal.com\/gl\/wp-json\/wp\/v2\/comments?post=420"}],"wp:featuredmedia":[{"embeddable":true,"href":"https:\/\/www.tiendafundacionbretal.com\/gl\/wp-json\/wp\/v2\/media\/547"}],"wp:attachment":[{"href":"https:\/\/www.tiendafundacionbretal.com\/gl\/wp-json\/wp\/v2\/media?parent=420"}],"wp:term":[{"taxonomy":"product_brand","embeddable":true,"href":"https:\/\/www.tiendafundacionbretal.com\/gl\/wp-json\/wp\/v2\/product_brand?post=420"},{"taxonomy":"product_cat","embeddable":true,"href":"https:\/\/www.tiendafundacionbretal.com\/gl\/wp-json\/wp\/v2\/product_cat?post=420"},{"taxonomy":"product_tag","embeddable":true,"href":"https:\/\/www.tiendafundacionbretal.com\/gl\/wp-json\/wp\/v2\/product_tag?post=420"}],"curies":[{"name":"wp","href":"https:\/\/api.w.org\/{rel}","templated":true}]}}

<p>Entre 1937 e 1939 o Mosteiro de Oia foi utilizado como campo de concentración para prisioneiros republicanos, na súa maioría procedentes do levante español e, principalmente, cataláns. Este capítulo escuro da Guerra Civil española deixou unha profunda pegada nos muros do mosteiro, onde os propios presos plasmaron textos e debuxos que aínda hoxe poden lerse.</p>
<p>O novo traballo de F. Javier Costas Goberna documenta as circunstancias daqueles presos: o seu alistamiento, detención, traslado e as duras condicións que viviron, a través de testemuños directos dalgúns dos sobreviventes, familiares e veciños de Oia.</p>

<p>Entre 1937 e 1939 o Mosteiro de Oia foi utilizado como campo de concentración para prisioneiros republicanos, na súa maioría procedentes do levante español e, principalmente, cataláns. Este capítulo escuro da Guerra Civil española deixou unha profunda pegada nos muros do mosteiro, onde os propios presos plasmaron textos e debuxos que aínda hoxe poden lerse. [&hellip;]</p>

<!-- This site is optimized with the Yoast SEO plugin v26.7 - https://yoast.com/wordpress/plugins/seo/ -->
<title>En 1939 nos vimos en Oia - Tienda Fundacion Bretal</title>
<meta name="robots" content="index, follow, max-snippet:-1, max-image-preview:large, max-video-preview:-1" />
<link rel="canonical" href="https://www.tiendafundacionbretal.com/gl/producto/en-1939-nos-vimos-en-oia/" />
<meta property="og:locale" content="gl_ES" />
<meta property="og:type" content="article" />
<meta property="og:title" content="En 1939 nos vimos en Oia - Tienda Fundacion Bretal" />
<meta property="og:description" content="Entre 1937 e 1939 o Mosteiro de Oia foi utilizado como campo de concentración para prisioneiros republicanos, na súa maioría procedentes do levante español e, principalmente, cataláns. Este capítulo escuro da Guerra Civil española deixou unha profunda pegada nos muros do mosteiro, onde os propios presos plasmaron textos e debuxos que aínda hoxe poden lerse. [&hellip;]" />
<meta property="og:url" content="https://www.tiendafundacionbretal.com/gl/producto/en-1939-nos-vimos-en-oia/" />
<meta property="og:site_name" content="Tienda Fundacion Bretal" />
<meta property="og:image" content="https://www.tiendafundacionbretal.com/wp-content/uploads/2025/09/Portada-5.jpg" />
	<meta property="og:image:width" content="700" />
	<meta property="og:image:height" content="1050" />
	<meta property="og:image:type" content="image/jpeg" />
<meta name="twitter:card" content="summary_large_image" />
<meta name="twitter:label1" content="Tempo de lectura" />
	<meta name="twitter:data1" content="1 minuto" />
<script type="application/ld+json" class="yoast-schema-graph">{"@context":"https://schema.org","@graph":[{"@type":"WebPage","@id":"https://www.tiendafundacionbretal.com/gl/producto/en-1939-nos-vimos-en-oia/","url":"https://www.tiendafundacionbretal.com/gl/producto/en-1939-nos-vimos-en-oia/","name":"En 1939 nos vimos en Oia - Tienda Fundacion Bretal","isPartOf":{"@id":"https://www.tiendafundacionbretal.com/#website"},"primaryImageOfPage":{"@id":"https://www.tiendafundacionbretal.com/gl/producto/en-1939-nos-vimos-en-oia/#primaryimage"},"image":{"@id":"https://www.tiendafundacionbretal.com/gl/producto/en-1939-nos-vimos-en-oia/#primaryimage"},"thumbnailUrl":"https://www.tiendafundacionbretal.com/wp-content/uploads/2025/09/Portada-5.jpg","datePublished":"2025-12-01T07:48:54+00:00","breadcrumb":{"@id":"https://www.tiendafundacionbretal.com/gl/producto/en-1939-nos-vimos-en-oia/#breadcrumb"},"inLanguage":"gl-ES","potentialAction":[{"@type":"ReadAction","target":["https://www.tiendafundacionbretal.com/gl/producto/en-1939-nos-vimos-en-oia/"]}]},{"@type":"ImageObject","inLanguage":"gl-ES","@id":"https://www.tiendafundacionbretal.com/gl/producto/en-1939-nos-vimos-en-oia/#primaryimage","url":"https://www.tiendafundacionbretal.com/wp-content/uploads/2025/09/Portada-5.jpg","contentUrl":"https://www.tiendafundacionbretal.com/wp-content/uploads/2025/09/Portada-5.jpg","width":700,"height":1050},{"@type":"BreadcrumbList","@id":"https://www.tiendafundacionbretal.com/gl/producto/en-1939-nos-vimos-en-oia/#breadcrumb","itemListElement":[{"@type":"ListItem","position":1,"name":"Portada","item":"https://www.tiendafundacionbretal.com/gl/inicio/"},{"@type":"ListItem","position":2,"name":"Tenda","item":"https://www.tiendafundacionbretal.com/gl/tenda/"},{"@type":"ListItem","position":3,"name":"En 1939 nos vimos en Oia"}]},{"@type":"WebSite","@id":"https://www.tiendafundacionbretal.com/#website","url":"https://www.tiendafundacionbretal.com/","name":"Tienda Fundacion Bretal","description":"","publisher":{"@id":"https://www.tiendafundacionbretal.com/#organization"},"potentialAction":[{"@type":"SearchAction","target":{"@type":"EntryPoint","urlTemplate":"https://www.tiendafundacionbretal.com/?s={search_term_string}"},"query-input":{"@type":"PropertyValueSpecification","valueRequired":true,"valueName":"search_term_string"}}],"inLanguage":"gl-ES"},{"@type":"Organization","@id":"https://www.tiendafundacionbretal.com/#organization","name":"Tienda Fundacion Bretal","url":"https://www.tiendafundacionbretal.com/","logo":{"@type":"ImageObject","inLanguage":"gl-ES","@id":"https://www.tiendafundacionbretal.com/#/schema/logo/image/","url":"https://www.tiendafundacionbretal.com/wp-content/uploads/2025/08/Logo_Serra-da-Groba.svg","contentUrl":"https://www.tiendafundacionbretal.com/wp-content/uploads/2025/08/Logo_Serra-da-Groba.svg","caption":"Tienda Fundacion Bretal"},"image":{"@id":"https://www.tiendafundacionbretal.com/#/schema/logo/image/"}}]}</script>
<!-- / Yoast SEO plugin. -->

Entre 1937 e 1939 o Mosteiro de Oia foi utilizado como campo de concentración para prisioneiros republicanos, na súa maioría procedentes do levante español e, principalmente, cataláns. Este capítulo escuro da Guerra Civil española deixou unha profunda pegada nos muros do mosteiro, onde os propios presos plasmaron textos e debuxos que aínda hoxe poden lerse. [&hellip;]
